{"id":702,"date":"2023-01-19T20:15:02","date_gmt":"2023-01-19T20:15:02","guid":{"rendered":"https:\/\/higherloveyoga.de\/?page_id=702"},"modified":"2026-01-22T11:55:20","modified_gmt":"2026-01-22T11:55:20","slug":"systemische-aufstellungsarbeit-familienaufstellung","status":"publish","type":"page","link":"https:\/\/higherloveyoga.de\/?page_id=702","title":{"rendered":"Systemische Aufstellungsarbeit \/ Familienaufstellung"},"content":{"rendered":"\n<figure class=\"wp-block-gallery has-nested-images columns-default is-cropped wp-block-gallery-1 is-layout-flex wp-block-gallery-is-layout-flex\">\n<figure class=\"wp-block-image size-full\"><img loading=\"lazy\" decoding=\"async\" width=\"656\" height=\"872\" data-id=\"960\" src=\"https:\/\/higherloveyoga.de\/wp-content\/uploads\/2026\/01\/Bildschirmfoto-2026-01-21-um-15.57.11.png\" alt=\"\" class=\"wp-image-960\" srcset=\"https:\/\/higherloveyoga.de\/wp-content\/uploads\/2026\/01\/Bildschirmfoto-2026-01-21-um-15.57.11.png 656w, https:\/\/higherloveyoga.de\/wp-content\/uploads\/2026\/01\/Bildschirmfoto-2026-01-21-um-15.57.11-226x300.png 226w\" sizes=\"auto, (max-width: 656px) 85vw, 656px\" \/><\/figure>\n<\/figure>\n\n\n\n<p><\/p>\n\n\n\n<p>Liebe Seele,<\/p>\n\n\n\n<p>nichts in unserem Leben geschieht zuf\u00e4llig.<\/p>\n\n\n\n<p>Manches wirkt leise im Hintergrund und zeigt sich immer wieder in Beziehungen, Entscheidungen oder innerer Unruhe.<\/p>\n\n\n\n<p>An diesem Aufstellungstag \u00f6ffnen wir gemeinsam einen Raum, in dem das Wirken der g\u00f6ttlichen Ordnung sichtbar werden darf.<\/p>\n\n\n\n<p>Einen Raum, in dem das, was gesehen werden will, gesehen wird \u2013 ohne Druck, ohne Urteil, in tiefer Achtung vor dem Leben.<\/p>\n\n\n\n<p>Familienstellen ist ein stilles Lauschen auf das, was gr\u00f6\u00dfer ist als unser Verstand, auf das, was durch Generationen wirkt und nach Vers\u00f6hnung, Wahrheit und Liebe ruft.\u00a0<\/p>\n\n\n\n<p>Es verbindet innere Wahrnehmung mit einer Haltung von Respekt vor dem Leben, vor der Herkunft und vor dem eigenen Weg.<\/p>\n\n\n\n<p>Oft entsteht daraus Entlastung, Klarheit und ein tieferes Einverstanden-Sein mit sich selbst und der Situation.<\/p>\n\n\n\n<p>Wenn du sp\u00fcrst, dass ein Thema in dir nach Kl\u00e4rung sucht \u2013 sei es in Beziehung, Familie, Beruf oder deinem inneren Frieden \u2013 bist du eingeladen, dich diesem Feld anzuvertrauen.<\/p>\n\n\n\n<p>Dieser Tag ist gedacht f\u00fcr Menschen, die bereit sind, hinzuschauen \u2013 ruhig, ehrlich und offen.<\/p>\n\n\n\n<p><strong>&#x2728;&nbsp;Was dich erwartet:<\/strong><\/p>\n\n\n\n<p>\u2013 ein gesch\u00fctzter, klar gehaltener Raum<\/p>\n\n\n\n<p>\u2013 achtsame Begleitung<\/p>\n\n\n\n<p>\u2013 tiefe Prozesse jenseits von Analyse<\/p>\n\n\n\n<p>\u2013 die M\u00f6glichkeit, dich neu auszurichten im Einklang mit deiner Seele<\/p>\n\n\n\n<p>\u2013 gemeinsames Mittags-Mitbringbuffet (vegan-vegetarisch)<\/p>\n\n\n\n<p>Du kannst teilnehmen mit einem eigenen Anliegen oder als Stellvertreter*in \u2013beides wirkt, beides dient.<\/p>\n\n\n\n<p><strong>&#x1f4c5;\u00a0Datum: 28.02.202<\/strong>6<\/p>\n\n\n\n<p><strong>&#x1f4cd;&nbsp;Ort: Neustadt an der Weinstra\u00dfe<\/strong><\/p>\n\n\n\n<p><strong>&#x1f54a;&nbsp;Beginn \/ Ende: 10:00 &#8211; 18:00 Uhr<\/strong><\/p>\n\n\n\n<p><strong>&#x1f4ab;&nbsp;Ausgleich: Aufsteller*in mit eigenem Anliegen \u20ac 120,- \/ Stellvertreter*in \u20ac 50,-<\/strong><\/p>\n\n\n\n<p>Wenn dein Herz bei diesen Worten leise \u201eJa\u201c sagt, folge diesem Impuls.                Die Ordnung kennt den Weg \u2013 wir d\u00fcrfen ihr begegnen.<\/p>\n\n\n\n<p>Ich begleite den Tag mit Klarheit, Pr\u00e4senz und in Verbindung mit dem, was tr\u00e4gt.<\/p>\n\n\n\n<p>In Liebe &amp; Verbundenheit<\/p>\n\n\n\n<p>Heike Kshobhini Dasi&nbsp;&#x1f64f;&#x1f3fc;&#x2665;&#xfe0f;&#x1f549;<\/p>\n\n\n\n<p><\/p>\n\n\n\n<p><\/p>\n\n\n\n<figure class=\"wp-block-gallery has-nested-images columns-default is-cropped wp-block-gallery-2 is-layout-flex wp-block-gallery-is-layout-flex\"><\/figure>\n","protected":false},"excerpt":{"rendered":"<p>Liebe Seele, nichts in unserem Leben geschieht zuf\u00e4llig. Manches wirkt leise im Hintergrund und zeigt sich immer wieder in Beziehungen, Entscheidungen oder innerer Unruhe. An diesem Aufstellungstag \u00f6ffnen wir gemeinsam einen Raum, in dem das Wirken der g\u00f6ttlichen Ordnung sichtbar werden darf. Einen Raum, in dem das, was gesehen werden will, gesehen wird \u2013 ohne &hellip; <a href=\"https:\/\/higherloveyoga.de\/?page_id=702\" class=\"more-link\"><span class=\"screen-reader-text\">\u201eSystemische Aufstellungsarbeit \/ Familienaufstellung\u201c <\/span>weiterlesen<\/a><\/p>\n","protected":false},"author":1,"featured_media":0,"parent":0,"menu_order":0,"comment_status":"closed","ping_status":"closed","template":"","meta":{"footnotes":""},"class_list":["post-702","page","type-page","status-publish","hentry"],"_links":{"self":[{"href":"https:\/\/higherloveyoga.de\/index.php?rest_route=\/wp\/v2\/pages\/702","targetHints":{"allow":["GET"]}}],"collection":[{"href":"https:\/\/higherloveyoga.de\/index.php?rest_route=\/wp\/v2\/pages"}],"about":[{"href":"https:\/\/higherloveyoga.de\/index.php?rest_route=\/wp\/v2\/types\/page"}],"author":[{"embeddable":true,"href":"https:\/\/higherloveyoga.de\/index.php?rest_route=\/wp\/v2\/users\/1"}],"replies":[{"embeddable":true,"href":"https:\/\/higherloveyoga.de\/index.php?rest_route=%2Fwp%2Fv2%2Fcomments&post=702"}],"version-history":[{"count":9,"href":"https:\/\/higherloveyoga.de\/index.php?rest_route=\/wp\/v2\/pages\/702\/revisions"}],"predecessor-version":[{"id":964,"href":"https:\/\/higherloveyoga.de\/index.php?rest_route=\/wp\/v2\/pages\/702\/revisions\/964"}],"wp:attachment":[{"href":"https:\/\/higherloveyoga.de\/index.php?rest_route=%2Fwp%2Fv2%2Fmedia&parent=702"}],"curies":[{"name":"wp","href":"https:\/\/api.w.org\/{rel}","templated":true}]}}