{"id":18,"date":"2020-06-13T16:02:32","date_gmt":"2020-06-13T16:02:32","guid":{"rendered":"http:\/\/higherloveyoga.de\/?page_id=18"},"modified":"2022-04-20T08:41:11","modified_gmt":"2022-04-20T08:41:11","slug":"was-ich-dir-biete","status":"publish","type":"page","link":"https:\/\/higherloveyoga.de\/?page_id=18","title":{"rendered":"Was ich Dir biete"},"content":{"rendered":"\n<figure class=\"wp-block-image size-large\"><img loading=\"lazy\" decoding=\"async\" width=\"568\" height=\"520\" src=\"https:\/\/higherloveyoga.de\/wp-content\/uploads\/2020\/06\/WeinbergOM.jpg\" alt=\"\" class=\"wp-image-117\" srcset=\"https:\/\/higherloveyoga.de\/wp-content\/uploads\/2020\/06\/WeinbergOM.jpg 568w, https:\/\/higherloveyoga.de\/wp-content\/uploads\/2020\/06\/WeinbergOM-300x275.jpg 300w\" sizes=\"auto, (max-width: 568px) 85vw, 568px\" \/><\/figure>\n\n\n\n<p>Durch Yoga und Coaching auf Seelenebene und systemisches Coaching begleite ich dich auf deinem Herzensweg, um DEINEN individuellen Weg zur\u00fcck zu dir selbst zu finden, in deine Mitte, in deinen Lebensauftrag um so das gl\u00fcckliche, gesunde und zufriedene Leben zu f\u00fchren, das dir zusteht.<\/p>\n\n\n\n<p>Wir integrieren Anteile von denen du dich wom\u00f6glich abgeschnitten hast, transformieren und nutzen die in dir und deiner Ahnenlinie vorhandenen Ressourcen, damit du dein gesamtes einzigartiges Potential ergreifen und leben kannst. Selbstliebe, Selbstbewusstsein und Selbstvertrauen k\u00f6nnen vertieft werden und wachsen.\u00a0<\/p>\n","protected":false},"excerpt":{"rendered":"<p>Durch Yoga und Coaching auf Seelenebene und systemisches Coaching begleite ich dich auf deinem Herzensweg, um DEINEN individuellen Weg zur\u00fcck zu dir selbst zu finden, in deine Mitte, in deinen Lebensauftrag um so das gl\u00fcckliche, gesunde und zufriedene Leben zu f\u00fchren, das dir zusteht. Wir integrieren Anteile von denen du dich wom\u00f6glich abgeschnitten hast, transformieren &hellip; <a href=\"https:\/\/higherloveyoga.de\/?page_id=18\" class=\"more-link\"><span class=\"screen-reader-text\">\u201eWas ich Dir biete\u201c <\/span>weiterlesen<\/a><\/p>\n","protected":false},"author":1,"featured_media":0,"parent":0,"menu_order":0,"comment_status":"closed","ping_status":"closed","template":"","meta":{"footnotes":""},"class_list":["post-18","page","type-page","status-publish","hentry"],"_links":{"self":[{"href":"https:\/\/higherloveyoga.de\/index.php?rest_route=\/wp\/v2\/pages\/18","targetHints":{"allow":["GET"]}}],"collection":[{"href":"https:\/\/higherloveyoga.de\/index.php?rest_route=\/wp\/v2\/pages"}],"about":[{"href":"https:\/\/higherloveyoga.de\/index.php?rest_route=\/wp\/v2\/types\/page"}],"author":[{"embeddable":true,"href":"https:\/\/higherloveyoga.de\/index.php?rest_route=\/wp\/v2\/users\/1"}],"replies":[{"embeddable":true,"href":"https:\/\/higherloveyoga.de\/index.php?rest_route=%2Fwp%2Fv2%2Fcomments&post=18"}],"version-history":[{"count":6,"href":"https:\/\/higherloveyoga.de\/index.php?rest_route=\/wp\/v2\/pages\/18\/revisions"}],"predecessor-version":[{"id":573,"href":"https:\/\/higherloveyoga.de\/index.php?rest_route=\/wp\/v2\/pages\/18\/revisions\/573"}],"wp:attachment":[{"href":"https:\/\/higherloveyoga.de\/index.php?rest_route=%2Fwp%2Fv2%2Fmedia&parent=18"}],"curies":[{"name":"wp","href":"https:\/\/api.w.org\/{rel}","templated":true}]}}